{"id":8,"date":"2020-06-08T18:24:05","date_gmt":"2020-06-08T21:24:05","guid":{"rendered":"http:\/\/localhost\/wordpress\/?page_id=8"},"modified":"2020-06-20T11:39:00","modified_gmt":"2020-06-20T14:39:00","slug":"contacto","status":"publish","type":"page","link":"https:\/\/bywind.com.ar\/?page_id=8","title":{"rendered":"Contacto"},"content":{"rendered":"\n<div class=\"wp-block-columns is-layout-flex wp-container-3\">\n<div class=\"wp-block-column is-layout-flow\" style=\"flex-basis:33.33%\">\n<figure class=\"wp-block-image size-large\"><img decoding=\"async\" loading=\"lazy\" width=\"283\" height=\"391\" src=\"http:\/\/localhost\/wordpress\/wp-content\/uploads\/2020\/06\/contacto.jpg\" alt=\"\" class=\"wp-image-110\" srcset=\"https:\/\/bywind.com.ar\/wp-content\/uploads\/2020\/06\/contacto.jpg 283w, https:\/\/bywind.com.ar\/wp-content\/uploads\/2020\/06\/contacto-217x300.jpg 217w\" sizes=\"(max-width: 283px) 100vw, 283px\" \/><\/figure>\n<\/div>\n\n\n\n<div class=\"wp-block-column is-layout-flow\" style=\"flex-basis:66.66%\">\n<div class=\"wp-block-media-text alignwide is-stacked-on-mobile\" style=\"grid-template-columns:15% auto\"><figure class=\"wp-block-media-text__media\"><img decoding=\"async\" loading=\"lazy\" width=\"60\" height=\"60\" src=\"http:\/\/localhost\/wordpress\/wp-content\/uploads\/2020\/06\/contactoemail.gif\" alt=\"\" class=\"wp-image-111\"\/><\/figure><div class=\"wp-block-media-text__content\">\n<p><b>Email<\/b><br><a href=\"mailto:marchenar@gmail.com\">marchenar@gmail.com<\/a><\/p>\n<\/div><\/div>\n\n\n\n<div class=\"wp-block-media-text alignwide is-stacked-on-mobile\" style=\"grid-template-columns:15% auto\"><figure class=\"wp-block-media-text__media\"><img decoding=\"async\" loading=\"lazy\" width=\"70\" height=\"58\" src=\"http:\/\/localhost\/wordpress\/wp-content\/uploads\/2020\/06\/contactopostal.gif\" alt=\"\" class=\"wp-image-113\"\/><\/figure><div class=\"wp-block-media-text__content\">\n<p><b>Domicilio postal<\/b><br>Riobamba 3320<br>B\u00b0 Las Victorias\nR8403CZF<br>San Carlos de Bariloche<br>\nR\u00edo Negro<br>Rep\u00fablica Argentina<\/p>\n<\/div><\/div>\n\n\n\n<div class=\"wp-block-media-text alignwide is-stacked-on-mobile\" style=\"grid-template-columns:15% auto\"><figure class=\"wp-block-media-text__media\"><img decoding=\"async\" loading=\"lazy\" width=\"63\" height=\"62\" src=\"http:\/\/localhost\/wordpress\/wp-content\/uploads\/2020\/06\/contactotelefono.jpeg\" alt=\"\" class=\"wp-image-115\"\/><\/figure><div class=\"wp-block-media-text__content\">\n<p><b>Tel\u00e9fono de contacto<\/b><br>+54 (9) 294 (15) 434 7677<\/p>\n<\/div><\/div>\n\n\n\n<p><\/p>\n<\/div>\n<\/div>\n\n\n\n<p><\/p>\n","protected":false},"excerpt":{"rendered":"<p>Emailmarchenar@gmail.com Domicilio postalRiobamba 3320B\u00b0 Las Victorias R8403CZFSan Carlos de Bariloche R\u00edo NegroRep\u00fablica Argentina Tel\u00e9fono de contacto+54 (9) 294 (15) 434 7677<\/p>\n","protected":false},"author":1,"featured_media":0,"parent":0,"menu_order":100,"comment_status":"closed","ping_status":"closed","template":"","meta":[],"_links":{"self":[{"href":"https:\/\/bywind.com.ar\/index.php?rest_route=\/wp\/v2\/pages\/8"}],"collection":[{"href":"https:\/\/bywind.com.ar\/index.php?rest_route=\/wp\/v2\/pages"}],"about":[{"href":"https:\/\/bywind.com.ar\/index.php?rest_route=\/wp\/v2\/types\/page"}],"author":[{"embeddable":true,"href":"https:\/\/bywind.com.ar\/index.php?rest_route=\/wp\/v2\/users\/1"}],"replies":[{"embeddable":true,"href":"https:\/\/bywind.com.ar\/index.php?rest_route=%2Fwp%2Fv2%2Fcomments&post=8"}],"version-history":[{"count":8,"href":"https:\/\/bywind.com.ar\/index.php?rest_route=\/wp\/v2\/pages\/8\/revisions"}],"predecessor-version":[{"id":117,"href":"https:\/\/bywind.com.ar\/index.php?rest_route=\/wp\/v2\/pages\/8\/revisions\/117"}],"wp:attachment":[{"href":"https:\/\/bywind.com.ar\/index.php?rest_route=%2Fwp%2Fv2%2Fmedia&parent=8"}],"curies":[{"name":"wp","href":"https:\/\/api.w.org\/{rel}","templated":true}]}}